?
True
Is 4774296647 composite?
True
Is 41227126289 a composite number?
False
Is 269855554 prime?
False
Is 70898255279 prime?
True
Is 7889674795 composite?
True
Is 1437897419 a composite number?
True
Is 134040859 composite?
False
Is 54420342641 composite?
True
Is 1133190829 prime?
True
Is 4173433571 prime?
True
Is 717576523 composite?
False
Is 2715492431 composite?
False
Is 70767139 prime?
True
Is 226234311251 prime?
False
Is 1373152093 a prime number?
True
Is 550084289 prime?
True
Is 38416123351 composite?
True
Is 599259637 a composite number?
True
Is 37328070539 composite?
False
Is 19929678059 a prime number?
False
Is 5097208213 prime?
True
Is 14875722157 prime?
True
Is 19923969211 composite?
False
Is 5966687887 a composite number?
True
Is 1158470723 a prime number?
False
Is 70186187 a prime number?
False
Is 28510534691 composite?
False
Is 1253473967 a composite number?
False
Is 21676508179 composite?
True
Is 1484413409 prime?
False
Is 6197446993 a prime number?
True
Is 1059360673 composite?
True
Is 136281143 a composite number?
False
Is 211465753 a composite number?
False
Is 1289553829 composite?
False
Is 1133707877 composite?
True
Is 4073765903 a prime number?
False
Is 3052584079 a prime number?
False
Is 1748484841 prime?
True
Is 15647048177 a composite number?
False
Is 1614785773 a composite number?
True
Is 16647274219 composite?
False
Is 490628371 prime?
False
Is 13002497489 prime?
False
Is 40755294941 composite?
False
Is 1927186133 a prime number?
True
Is 10747797149 prime?
True
Is 8828417753 a prime number?
False
Is 669554279 composite?
False
Is 705030827 prime?
True
Is 14223906707 a prime number?
False
Is 53702787583 a composite number?
False
Is 1060504001 prime?
False
Is 1558347943 a composite number?
True
Is 37068529469 a prime number?
True
Is 4959634879 a prime number?
True
Is 5724661 a prime number?
True
Is 35265831541 prime?
True
Is 1248341687 prime?
False
Is 54129287 a composite number?
False
Is 12247639 a composite number?
True
Is 129452287499 a prime number?
True
Is 1898387081 a prime number?
True
Is 64330073 prime?
True
Is 13016978459 prime?
True
Is 9980772839 composite?
True
Is 12299294573 prime?
True
Is 238132051 a composite number?
False
Is 905230057 composite?
True
Is 22254569 a prime number?
False
Is 4484959307 composite?
False
Is 30811301665 a composite number?
True
Is 628550717 a prime number?
False
Is 328996777 composite?
True
Is 16335221093 a prime number?
False
Is 8601229963 a composite number?
True
Is 3461583341 composite?
True
Is 1298477041 a composite number?
True
Is 31100438269 prime?
False
Is 2228312027 composite?
True
Is 21343445 composite?
True
Is 2866359283 a prime number?
True
Is 97400339 composite?
True
Is 4833758459 prime?
True
Is 569391203 prime?
True
Is 378945377 a composite number?
True
Is 8471068251 a prime number?
False
Is 23534267051 composite?
False
Is 2825553862 prime?
False
Is 1661315309 composite?
False
Is 418995778 prime?
False
Is 4040013617 a prime number?
True
Is 54408918233 a prime number?
False
Is 66243533 a composite number?
False
Is 2057359357 a prime number?
False
Is 180230221 a prime number?
True
Is 4656341531 prime?
False
Is 2493828419 a composite number?
False
Is 863227763 a prime number?
False
Is 148349833 prime?
True
Is 3115911202 a prime number?
False
Is 3772901317 composite?
False
Is 4674249089 a composite number?
False
Is 11012975447 a composite number?
True
Is 11735411657 prime?
True
Is 77674084291 a composite number?
False
Is 1299752267 composite?
True
Is 2552646953 a prime number?
False
Is 2483978023 a composite number?
True
Is 120628217 prime?
True
Is 13726155059 a prime number?
True
Is 270080159 a composite number?
False
Is 4724218427 a prime number?
False
Is 29004085337 composite?
False
Is 2212128103 prime?
False
Is 22791165113 composite?
False
Is 50960218891 composite?
True
Is 357061231 prime?
True
Is 1010454163 prime?
False
Is 58788955111 a prime number?
True
Is 4973943259 prime?
False
Is 1342764877 a prime number?
False
Is 91756160087 prime?
True
Is 58884888529 a composite number?
True
Is 1749098051 a composite number?
False
Is 29103980546 composite?
True
Is 3719245961 a composite number?
True
Is 5300363851 composite?
True
Is 4170794477 a prime number?
True
Is 15550058789 composite?
True
Is 984158693 a prime number?
False
Is 1273578763 prime?
False
Is 28668403987 composite?
True
Is 10114173557 a prime number?
True
Is 399350201 composite?
False
Is 26360296267 a composite number?
True
Is 531276827 a composite number?
True
Is 15777508969 a composite number?
True
Is 12714705839 a composite number?
True
Is 16834166749 a composite number?
True
Is 128970569451 a prime number?
False
Is 7782182687 a prime number?
False
Is 5756406311 composite?
False
Is 14262566001 a composite number?
True
Is 21984711041 a composite number?
True
Is 338962387 a composite number?
False
Is 208326449689 a composite number?
True
Is 285103655 a composite number?
True
Is 9173670427 composite?
True
Is 27899190197 a composite number?
False
Is 7201682 prime?
False
Is 582260309 prime?
True
Is 9590811053 a prime number?
True
Is 4638622111 composite?
False
Is 18599927071 a prime number?
False
Is 5062476767 a composite number?
True
Is 12166059631 prime?
False
Is 2660598767 a composite number?
True
Is 2871971603 composite?
False
Is 521373107 a prime number?
False
Is 74214686111 composite?
False
Is 77610464086 prime?
False
Is 22866136361 prime?
True
Is 22550221 a composite number?
True
Is 15244028159 composite?
True
Is 37443674419 a composite number?
True
Is 12725428147 composite?
False
Is 284601281 a prime number?
False
Is 586484967 prime?
False
Is 118835008007 prime?
False
Is 1220570927 composite?
False
Is 1713132763 composite?
True
Is 18071616055 a prime number?
False
Is 58113731518 prime?
False
Is 128566966147 composite?
True
Is 55124059 a composite number?
True
Is 618909035 prime?
False
Is 254666927 a composite number?
False
Is 45472628153 composite?
True
Is 1350552829 a composite number?
True
Is 2972768891 prime?
False
Is 3127861337 a prime number?
True
Is 45580877 a prime number?
True
Is 213268772557 composite?
True
Is 11735833315 a prime number?
False
Is 1637745551 prime?
False
Is 109744456457 prime?
True
Is 3673864013 composite?
False
Is 3374728129 prime?
False
Is 256890089 prime?
False
Is 323238173 a prime number?
False
Is 2471828941 a composite number?
True
Is 1237296791 a prime number?
True
Is 13959392365 prime?
False
Is 3098878481 composite?
True
Is 66223120661 prime?
True
Is 1935420577 a composite number?
False
Is 4722744269 a composite number?
True
Is 301935563 composite?
True
Is 2543377301 a prime number?
True
Is 170138802103 prime?
True
Is 2200003849 composite?
False
Is 1777306247 composite?
True
Is 63474854389 prime?
False
Is 49053429431 a prime number?
False
Is 185600873863 prime?
True
Is 20161746719 a prime number?
False
Is 12266998661 composite?
False
Is 10495195001 prime?
True
Is 1130703031 prime?
False
Is 11848442491 a composite number?
False
Is 7069269937 a composite number?
False
Is 14890493713 a composite number?
True
Is 18719714683 a prime number?
True
Is 2874751123 composite?
True
Is 8823235493 a prime number?
True
Is 1928758411 prime?
False
Is 796074959 a prime number?
True
Is 2823625639 composite?
False
Is 914285327 prime?
True
Is 613767959 composite?
True
Is 10002861097 composite?
True
Is 63838627 a composite number?
False
Is 15182073727 composite?
True
Is 1959914051 a prime number?
False
Is 4464244153 a composite number?
False
Is 4880140609 a prime number?
True
Is 2858671219 composite?
True
Is 11679047 composite?
True
Is 277349757 prime?
False
Is 1271717567 a composite number?
False
Is 4023871 a composite number?
False
Is 1564389097 a prime number?
False
Is 3706202153 composite?
False
Is 508174053 prime?
False
Is 178257519959 composite?
False
Is 12180718283 a composite number?
False
Is 230786497 a prime number?
False
Is 183329023 a prime number?
True
Is 434483843 composite?
True
Is 1854365893 composite?
False
Is 411159379 a composite number?
False
Is 4277613139 composite?
False
Is 876463409 a composite number?
False
Is 19158695873 composite?
False
Is 1521577147 prime?
True
Is 824853019 a composite number?
True
Is 72230914571 prime?
True
Is 388942500329 composite?
False
Is 7052